l = h - 83. What is the remainder when 31 is divided by l?
13
Let a(j) = 4*j - 2 - 11*j - 5 + 4. Let m be a(-1). Calculate the remainder when (-10 + m - -9) + 1 + 115 is divided by 12.
11
Suppose 0 = 5*a - k - 12482, 25*k - 26*k - 2494 = -a. Calculate the remainder when a is divided by 156.
1
Let z(n) = n**3 + 6*n**2 - 3*n + 5. Suppose 0*p - 48 = -3*p. Calculate the remainder when z(-5) is divided by p.
13
Let f(k) = 3*k + 47. Let o be f(-17). What is the remainder when 357/28 - o/16 is divided by 9?
4
Let p be 3/63*6 - 38/(-14). Suppose -m - m + 274 = 3*b, -p*m = -3*b + 249. Let u(y) = 4*y**3 - 3*y**2 + 4. What is the remainder when b is divided by u(2)?
16
Let c = -13 - -3. Suppose -22*u = -26*u + 180. Calculate the remainder when u + -1*c/(-5) is divided by 11.
10
Let k(p) = -2*p**3 - 19*p**2 + 12*p + 103. Calculate the remainder when 784 is divided by k(-10).
37
Let v(l) = -64*l - 125. Let w be v(-20). Suppose 10*h - 5*h - w = 0. What is the remainder when h is divided by 58?
57
Suppose -3*b - 4*k = 2*b - 135, 3*b - 3*k = 108. Let f = b + -26. Suppose 4*c - 81 = -f*c. What is the remainder when c is divided by 3?
0
Let z(v) = -v**2 + 16*v - 13. Let n(w) = 6*w - 91*w**2 + 56 + 15*w + 46*w**2 + 44*w**2. Let h be n(23). Calculate the remainder when 140 is divided by z(h).
46
Let d = -2959 - -3120. Calculate the remainder when d is divided by 11.
7
Suppose 15*t = -4*t + 4218. Let z = 1097 - 1081. Calculate the remainder when t is divided by z.
14
Let j = 50 + 6. Let o = j - 56. What is the remainder when 50 is divided by 6/9 + (o - (-104)/6)?
14
Calculate the remainder when -4 + 736 + 8 + (-1 - 6) is divided by 362.
9
Let r be (-1911)/(-28) + 4/(-16). Suppose -60 - r = -2*n. Calculate the remainder when n is divided by ((-20)/(-2) - -4) + 2 + -3.
12
Let o(c) = -38*c - 41. Let d(l) = -l + 1. Let n(j) = 3*d(j) + o(j). What is the remainder when n(-5) is divided by 28?
27
Let n = 7 + -2. Suppose n*t + 4 + 1 = 0, 5*p = -t + 129. Calculate the remainder when p is divided by (9 - (-20)/(-310)) + (-42)/(-651).
8
Let u be (-2)/(-24) + 74/(-888). Suppose u = -3*t + 4*w + 103, -9*w + 31 = t - 11*w. Calculate the remainder when t is divided by 41.
0
Let q(b) = -26*b - 335. Let j(u) = 6*u**3 - u**2 + 4*u - 3. Calculate the remainder when q(-15) is divided by j(2).
6
Let o = 18133 - 17565. Calculate the remainder when o is divided by 553.
15
Suppose 7*n - 4*k = 8*n - 33, -n - 7 = -4*k. Suppose -2*q + 16*m = n*m - 36, 4*m + 28 = q. Calculate the remainder when 214 is divided by q.
10
Suppose 3*w = 1 - 4, 0 = 2*k + 2*w - 52. Let c(y) = -y**2 + 11*y - 8. Let x be c(7). Let p = k - x. What is the remainder when p is divided by 2?
1
Let v be 30/(-9) - (-1)/3. Let i be (0 - -3)/v - (-25)/1. Let h = 37 - i. What is the remainder when 25 is divided by h?
12
Suppose 2*x = -3*x - 6175. Let h be (-2)/5 + x/(-25). Let k = 78 - h. What is the remainder when 84 is divided by k?
26
Let w(f) = -58*f**3 - 3*f**2 + 8*f + 6. Let m(s) = s**3 - s**2 + s + 1. Let b(j) = -5*m(j) + w(j). Calculate the remainder when b(-1) is divided by 32.
31
Let m(x) = -2*x**2 + 183*x + 62. What is the remainder when m(90) is divided by 68?
60
Let x = 367 - 331. Suppose -158 = -3*o + 4. Let t = x + o. Calculate the remainder when t is divided by 23.
21
Calculate the remainder when (8 + -13)/(((-56)/(-488))/(-7)) is divided by 18.
17
Suppose -t + 58 = i, -5*i + 282 = -12*t + 13*t. Calculate the remainder when 198 is divided by i.
30
Let g(c) = -c**3 - 15*c**2 + 14*c - 6. Suppose 0 = 9*o + 17*o + 416. Calculate the remainder when g(o) is divided by 16.
10
Let z(u) = -34*u - 48. Let m be z(-6). What is the remainder when 207 is divided by (8/(-3) + 2)/((-4)/m)?
25
Let x = 27 - -59. What is the remainder when 390 - (-611)/(-55 - -42) is divided by x?
85
Let g = -92 - 3. Let s be (587 - -1)*4/24. Let b = g + s. Calculate the remainder when b is divided by 2.
1
Let i = 3294 - 3142. Calculate the remainder when 593 is divided by i.
137
Suppose -3 = -3*n - 6, -5*n = 5*i - 2620. What is the remainder when i is divided by 78?
57
Let a(f) = -5*f**2 + 519*f + 125. Calculate the remainder when a(99) is divided by 22.
15
Suppose -227 = 4*a - 503. What is the remainder when a is divided by 10 - (-10 + -3 + 8)?
9
Let u(t) = 2*t**3 - 38*t**2 - 2*t + 47. Let l be u(19). Suppose -14*r + 690 = l*r. What is the remainder when 95 is divided by r?
5
Suppose 0 = -s - 66 + 14. Let l = s - -70. Suppose 3 = -2*q + 23. What is the remainder when l is divided by q?
8
Let s(m) be the first derivative of 6*m**2 + 5*m + 1. Calculate the remainder when s(8) is divided by 12/32 - ((-1185)/40 - 4).
33
Suppose -12*g + 57 + 3 = 0. Suppose -2*n + g*r = -0*n - 19, 5*n - r - 59 = 0. Calculate the remainder when 57 is divided by n.
9
Let d = -168 + 1442. Suppose 22*i - 9*i = d. Calculate the remainder when i is divided by 55.
43
Suppose -z + 6*z + 338 = 3*h, z - 2*h + 69 = 0. Let t = z + 101. What is the remainder when 236 is divided by t?
32
Suppose 4*n + 59*t - 56*t = 164, t = 0. Calculate the remainder when 11068 is divided by n.
39
Let z = -3292 + 3650. Calculate the remainder when z is divided by 29.
10
Let f = -23 - -37. Calculate the remainder when 1/3 + 204/9 is divided by 88/f - 1*6/21.
5
Suppose 112 + 38 = 3*j + 15. What is the remainder when 47 is divided by j?
2
What is the remainder when 285 is divided by 8208/378 - (1 + (-9)/7)?
21
Let s(n) = -21*n**2 + 5*n**2 - 16*n + 41 + 8*n**2 + 6*n**2 + n**2. What is the remainder when 157 is divided by s(-16)?
34
Suppose 4037*a = 4092*a - 990. Suppose -4*x - 376 = -2*c, x - 408 = -2*c - 3*x. Calculate the remainder when c is divided by a.
16
Let f = 1276104 - 1276076. Suppose -2*n + 80 = 3*n. Calculate the remainder when f is divided by 2 + n/2 + -2.
4
Let q(v) = 3*v**2 - 69*v + 327. Calculate the remainder when q(30) is divided by 38.
7
What is the remainder when 96 is divided by -2 - (-1)/((-4)/(-28) + 0)?
1
Let z = 1378 + 1870. Calculate the remainder when z is divided by 57.
56
Suppose 12*g - 353 = -i + 7*g, 4*g - 1786 = -5*i. What is the remainder when i is divided by -7*((-2)/15 + (-1744)/420)?
28
Suppose -135 = -12*c - 27. Let t = 24 + c. What is the remainder when 426 is divided by t?
30
Let i(x) = x**3 - 30*x**2 + 114*x - 15. What is the remainder when 1707 is divided by i(26)?
237
Let i(c) = -c**2 + 8*c + 1. Let u be i(6). Let y = u + 41. What is the remainder when y is divided by 4 - ((18/5)/(-3))/((-918)/(-3060))?
6
Let b(a) = 312*a - 252. What is the remainder when b(1) is divided by 6?
0
Suppose 4*c = 4*n + 1836, -3*n - 234 = 5*c - 2521. What is the remainder when c is divided by 46?
44
Let x = 7 - -30. Let l = 37 - x. Suppose w - 2*w + 26 = l. What is the remainder when w is divided by 9?
8
Let m(i) = -i**3 - 40*i**2 - 207*i + 822. Let t(k) = 18*k**3 + 2*k**2 - k. Suppose 2 + 1 = 3*h. Calculate the remainder when m(-33) is divided by t(h).
11
Let x = -27 + 6. Let y = x + 39. Let h(j) = -10*j + 740. What is the remainder when y is divided by h(73)?
8
Suppose 258 = 4*p + 58 - 8. What is the remainder when p is divided by 0 - 0/1 - -9?
7
Suppose -2*j + 4*q - 14 = 0, 4*q = -4*j + q + 27. Suppose j = z + 3. Suppose -8*h - h + 360 = z. What is the remainder when h is divided by 14?
12
What is the remainder when (-37260)/(-80) + (-50)/(-40) is divided by 9?
8
Let y = 29 - 24. Suppose 0 = -0*g + 3*g + y*h - 316, -505 = -5*g - 4*h. Suppose -68 = -5*w + g. What is the remainder when 131 is divided by w?
32
Suppose 4*m + 4*c = 48, 60*c - 55*c = -m. What is the remainder when 6895 is divided by m?
10
Let v(y) be the third derivative of -y**5/60 - 17*y**4/24 + 12*y**3 + 55*y**2. What is the remainder when 202 is divided by v(-20)?
10
Calculate the remainder when (-3 - -14) + -11 + 851 is divided by 95.
91
Let r be 1 - ((-2)/7 - 3840/(-112)). Let w = r + 35. Suppose y - 3*j + 3 - 29 = 0, w*y + j = 45. What is the remainder when 64 is divided by y?
18
Let z(s) = 3*s - 7. Let y be z(-6). Let h(w) = 16*w**2 + w - 3. Let d be h(-2). Let n = y + d. What is the remainder when n is divided by 18?
16
Suppose g - 4*t = -3*t + 8, 4*t = -8. What is the remainder when (-1815)/(-180) - 14/168 is divided by g?
4
Let p(m) = 7*m - 43. Let r(n) = -n**2 - 13*n - 11. Let u be r(-6). Let t = -8 +